1. Let y be g/(-10)*2/1. Is y/(-3 - -2)*1 a prime number?
True
Suppose -n + 535 = -6*n. Let t = n - -166. Is t composite?
False
Suppose -f + 20*f = 69103. Is f a prime number?
True
Let k = -111907 + 163242. Is k composite?
True
Let n(i) = 208*i - 4. Let y be n(-10). Let s = y - -3285. Is s a composite number?
False
Is 7/(35/(-25)) + 4014 prime?
False
Suppose -3*g = 4*w - 26, 4*g - 14 = -w - 1. Suppose 0 = 3*z - 4*z - 3, w*z = 4*v - 2807. Let n = v - 231. Is n composite?
False
Suppose -13*p + 58149 = 12506. Is p a prime number?
True
Let q(v) = 6*v**2 - 42*v - 49. Is q(41) a composite number?
True
Suppose 2*i - 55376 - 36728 = 3*z, 0 = -5*z - 10. Is i composite?
False
Suppose -4*p - 3*f + 103 = 0, 0*p + 5*p = 2*f + 146. Suppose -2*j - p = -4*j. Is j a composite number?
True
Is (-2)/4 + 3350490/220 composite?
True
Let k be 80/10 + (0 - 2). Is (-2)/k + (-25640)/(-15) a composite number?
False
Let f be (6/1)/(8/4). Suppose -f*k - 105 = -4*k. Let i = -52 + k. Is i a composite number?
False
Let j = 32 + 50. Suppose o - 2664 = -3*h + j, -5*o = 4*h - 3665. Suppose h = 2*m - 19. Is m a composite number?
False
Let n(p) = 22*p**2 - 3*p + 2. Let i = -30 - -33. Is n(i) a prime number?
True
Let h(z) = 2*z**3 + 30*z**2 - 5. Let s be h(-15). Suppose -5*p + 5*b = -100, 5*p - 46 = -5*b + 4. Is (-2)/s + 2109/p prime?
False
Suppose 2*n + 6*r = 2*r + 5376, -3*n - 3*r = -8061. Let k = 4095 - n. Is k a composite number?
False
Suppose -1 = -5*b + 19. Suppose g - b*u - 693 = 0, -3*g = 2*u - 0*u - 2023. Is g composite?
False
Let b = 202165 + -119118. Is b a prime number?
True
Let b = -6419 + 11056. Let k = b + -3094. Is k a prime number?
True
Suppose 5*z + k + 3*k = -30, -3*z - 4*k = 18. Let n(y) = 34*y**2 + 3*y - 5. Is n(z) prime?
True
Let j = -6371 - -25492. Is j a composite number?
False
Let l = -2137 - -5004. Is l a prime number?
False
Is 1/(-2)*((4 - 0) + -6632) composite?
True
Let v be (6 + (-4 - -4))*75/9. Let b = 6 + -3. Suppose -v = -b*d + 7. Is d a composite number?
False
Let c(g) be the first derivative of 37*g**3 + g**2/2 + g + 12. Is c(-1) a composite number?
True
Suppose 4*a - 16103 = -5*p, 2*p + 2*a - 5274 = 1166. Is p composite?
True
Suppose 4 = -0*j + j. Let b(q) = 6 - 7 - j*q + 3*q - 4*q. Is b(-7) a prime number?
False
Let q be 109*9 + (-18)/18. Let l = -37 + q. Let a = -317 + l. Is a prime?
False
Suppose 7*i - 11*i - 16 = 0. Let s(o) = 42*o + 1. Let h(f) = -169*f - 3. Let g(r) = -2*h(r) - 9*s(r). Is g(i) a prime number?
True
Let n be 195*(0 - (2 - 3)). Let v be (17/1)/(3/n). Suppose 0 = 3*z - 8*z + v. Is z a composite number?
True
Let p(x) = -960*x + 22. Is p(-3) composite?
True
Let c = -18 - -23. Suppose -4*q = 5*b - 281, 0*b + q + 261 = c*b. Is b composite?
False
Is ((-1630)/20)/((-2)/788) composite?
True
Let m = -2403 + 3544. Is m a prime number?
False
Let j be 6/14 + (-5 - 274/(-14)). Suppose 0 = 8*p - j*p + 9583. Is p composite?
True
Let y(w) = -35254*w - 210. Is y(-2) composite?
True
Let f = -2 + 5. Suppose f*r - r - 2010 = 0. Is r/(-10)*4/(-6) prime?
True
Let b = 21 + -17. Suppose b*x - 1280 = 2*x + 2*n, x = 3*n + 638. Is x a prime number?
True
Let r = -92 + 94. Is (1597/r)/(2/4) prime?
True
Suppose -420 - 6968 = -4*t. Is t prime?
True
Suppose 5*h = -1 + 21. Suppose -h*n + 892 = -0*n. Is n a composite number?
False
Suppose 696 = -0*u - 6*u. Let o = u - -367. Is o composite?
False
Suppose -4*b + o = -2*o + 25, 0 = -5*b + 4*o - 31. Let n be 16/4 + b + -721. Let d = n - -1105. Is d prime?
False
Suppose -2*d - d = 2*l + 5, 0 = -2*l - 2*d - 6. Let a(v) = -242*v - 5. Let m be a(l). Let j = 1576 - m. Is j prime?
True
Let b(o) = 258*o**2 + 12*o - 89. Is b(7) composite?
False
Let i = -228 + 619. Is i a prime number?
False
Let c(q) = -q + 15. Suppose -4*x - h = -0*h - 41, 3*x - 3*h - 12 = 0. Let v be c(x). Suppose 2*z - 3*t - 1937 = -0*z, 0 = 2*t - v. Is z a prime number?
False
Let y be (42/(-126))/(1/15). Suppose 5*r - q - 219 = 0, r + 4*q = -q + 49. Let f = r + y. Is f prime?
False
Let m(q) = 16*q + 33. Is m(5) a composite number?
False
Let x be 5327/15 - (-14)/(-105). Suppose -m + 2328 - x = 0. Is m prime?
True
Let d(r) be the first derivative of 8*r**3/3 - r**2/2 - 9*r - 13. Is d(4) a prime number?
False
Suppose 0 = -8*j + 33*j - 457850. Is j composite?
True
Suppose 3 = -m, 0 = -4*j - 2*m + 16 - 2. Suppose 0 = j*h - 3552 + 187. Is h a composite number?
False
Let b = 10331 + -6060. Is b a prime number?
True
Let n = -33 + 33. Suppose -2*p + 331 - 74 = -s, 4*s - 20 = n. Is p prime?
True
Let o = -15 + 19. Suppose -2*l = -0*q - o*q - 16, -4*l + q = -18. Is (118/(-3))/(l/(-30)) prime?
False
Let i be 169/(-26) + 1/2. Let v(d) be the first derivative of -19*d**2 - 5*d - 1. Is v(i) a composite number?
False
Let y = 3 - 1. Suppose -87 = m - y*m. Is m composite?
True
Suppose -3*x + 24 = -21. Suppose -9*m - 2238 = -x*m. Is m a composite number?
False
Let o(x) = -x + 9. Let y be o(4). Suppose -y*f = 5, -2*u - u - 3*f + 396 = 0. Is u composite?
True
Suppose 15*s - 39330 = 14*s + b, 0 = -2*s - 2*b + 78648. Is s prime?
False
Let v = 30610 - -53079. Is v a prime number?
True
Let r = -7 + 28. Suppose -7*p + r = -14. Suppose -k + p*w - 679 = -3*k, 2 = 2*w. Is k a prime number?
True
Suppose -a = 2*a + 2*y - 20319, -a + 6773 = -3*y. Is a prime?
False
Let q = -66 + 68. Suppose q*g + 8735 = 7*g. Is g a prime number?
True
Suppose -4*q + 2*q + 720 = 0. Suppose 2*k - q - 66 = 0. Is k composite?
True
Let a = -60 + 40. Let w(y) = y**3 + 21*y**2 - 5*y - 21. Is w(a) prime?
True
Suppose 9 = -2*u + 15, f + 5*u - 13538 = 0. Is f a prime number?
True
Let w = 440 + -224. Suppose 4*r = 2*s + w, -r + 155 = 2*r + 2*s. Is r a prime number?
True
Let x(b) = 76*b + 48*b + 23 + 5. Let z be x(-12). Let h = z + 3261. Is h a prime number?
True
Let x(f) = -1 - 2*f + 25*f**2 - 31*f**2 + 109*f**2. Let b(a) = 206*a**2 - 5*a - 2. Let z(t) = -3*b(t) + 7*x(t). Is z(2) composite?
True
Let v = -1098 + 614. Suppose -8*o + 5*o + 3657 = 2*c, 4*o + 3*c - 4875 = 0. Let i = v + o. Is i a composite number?
True
Is (-5)/(-2)*(-42)/(-35) + 3368 a composite number?
False
Let f = 18044 + -2605. Is f composite?
False
Let s = -17015 - -38184. Is s composite?
False
Suppose -r = -1045 + 53. Let w = 3771 - r. Is w composite?
True
Let n = -27 + 32. Suppose -2*u + s = -6*u + 1335, 0 = s + n. Is u a composite number?
True
Is (-3*18637)/((-1)/(-16 - -17)) composite?
True
Suppose 6*p - 142503 - 153015 = 0. Is p composite?
False
Let a = 16632 + -4573. Is a a composite number?
True
Let t = 193 + -23. Let y = t - 101. Is y a composite number?
True
Let r(o) = -o**3 + 44*o**2 - 121*o - 13. Is r(41) a composite number?
True
Suppose 34*p = 23839 + 941863. Is p composite?
False
Let y be 6/(-9) + (-6060)/9. Is y*(1 - 6/4) prime?
True
Suppose 9 = -0*c + 3*c. Suppose 550 = l + c*d, 2*l - 1699 = 3*d - 563. Is l a composite number?
True
Suppose 3*p - 4*p = -4. Suppose 6*l - p = 5*l. Suppose l*i + z = 2258, -z - 2264 = -4*i + z. Is i composite?
True
Suppose -4*f - 167 - 628 = c, -5*c - 4067 = -3*f. Let r = c - -1442. Is r a composite number?
False
Let r be 219 + 1/4*0. Suppose -2*y + 3*f = -165, 0*y = 3*y + 5*f - r. Let d = -39 + y. Is d a composite number?
True
Suppose -6*o - 4 + 22 = 0. Suppose f + f - 1236 = 5*v, 1877 = o*f + 4*v. Is f composite?
True
Let k = -997 + 1577. Suppose -3*n = -2*p + 253, 5*p + 3*n - k = -0*n. Is p a composite number?
True
Suppose -f + 5*g + 302 = 0, -9*g = -3*f - 4*g + 916. Is f composite?
False
Suppose 0 = -12*i + 53807 - 3395. Is i prime?
True
Suppose -194*a + 189*a = -25225. Is a composite?
True
Let d(m) be the first derivative of m**2/2 + 535*m - 10. Is d(0) prime?
False
Suppose 4*b + 5*m - m - 8 = 0, -34 = -5*b + 3*m. Suppose -b*h + 15167 = -h + k, -4*h = 3*k - 15157. Is h a prime number?
True
Let i(p) = -p - 16. Let d be i(6). Let k = 20 + d. Let f(b) = 67*b**2 + 2*b - 1. Is f(k) prime?
True
Suppose -c = -4 - 2. Suppose -t = -c*t + 4835. Is t a composite number?
False
Let q(l) = -6950*l + 277. Is q(-5) a composite number?
False
Let s(q) = -q**3 + 6. Let r be s(0). Let a be 21/r + (-4)/(-8). Suppose y - 3*w + 1011 = 4*y, -2*w + 1344 = a*y. Is y prime?
False
Suppose 2*k = 4*o - 10, -2*o - 5*k = 2*o - 45. Suppose 3*s = -13 - 2, -o*s = 4*w - 187. Is w prime?
True
Let h be -1*4/2*-1. Suppose 2 = -p + h